{"id":948,"date":"2019-06-16T00:06:19","date_gmt":"2019-06-16T00:06:19","guid":{"rendered":"https:\/\/mlpaper.com.br\/blog\/?page_id=948"},"modified":"2023-11-07T07:51:21","modified_gmt":"2023-11-07T10:51:21","slug":"e-book-gratuito","status":"publish","type":"page","link":"https:\/\/www.mlpaper.com.br\/blog\/e-book-gratuito\/","title":{"rendered":"E-Book Gratuito"},"content":{"rendered":"\t\t<div data-elementor-type=\"wp-post\" data-elementor-id=\"948\" class=\"elementor elementor-948\" data-elementor-settings=\"{&quot;ha_cmc_init_switcher&quot;:&quot;no&quot;}\">\n\t\t\t\t\t\t<section class=\"elementor-section elementor-top-section elementor-element elementor-element-2b289bf elementor-section-boxed elementor-section-height-default elementor-section-height-default elementor-invisible\" data-id=\"2b289bf\" data-element_type=\"section\" data-e-type=\"section\" data-settings=\"{&quot;background_background&quot;:&quot;classic&quot;,&quot;animation&quot;:&quot;fadeIn&quot;,&quot;_ha_eqh_enable&quot;:false}\">\n\t\t\t\t\t\t<div class=\"elementor-container elementor-column-gap-default\">\n\t\t\t\t\t<div class=\"elementor-column elementor-col-100 elementor-top-column elementor-element elementor-element-0989c46\" data-id=\"0989c46\" data-element_type=\"column\" data-e-type=\"column\">\n\t\t\t<div class=\"elementor-widget-wrap elementor-element-populated\">\n\t\t\t\t\t\t<div class=\"elementor-element elementor-element-a213c85 elementor-widget elementor-widget-heading\" data-id=\"a213c85\" data-element_type=\"widget\" data-e-type=\"widget\" data-widget_type=\"heading.default\">\n\t\t\t\t<div class=\"elementor-widget-container\">\n\t\t\t\t\t<h2 class=\"elementor-heading-title elementor-size-default\">E-Book Gratuito<\/h2>\t\t\t\t<\/div>\n\t\t\t\t<\/div>\n\t\t\t\t\t<\/div>\n\t\t<\/div>\n\t\t\t\t\t<\/div>\n\t\t<\/section>\n\t\t\t\t<section class=\"elementor-section elementor-top-section elementor-element elementor-element-c562cea elementor-section-boxed elementor-section-height-default elementor-section-height-default\" data-id=\"c562cea\" data-element_type=\"section\" data-e-type=\"section\" data-settings=\"{&quot;background_background&quot;:&quot;classic&quot;,&quot;_ha_eqh_enable&quot;:false}\">\n\t\t\t\t\t\t<div class=\"elementor-container elementor-column-gap-default\">\n\t\t\t\t\t<div class=\"elementor-column elementor-col-50 elementor-top-column elementor-element elementor-element-98e5477\" data-id=\"98e5477\" data-element_type=\"column\" data-e-type=\"column\">\n\t\t\t<div class=\"elementor-widget-wrap elementor-element-populated\">\n\t\t\t\t\t\t<div class=\"elementor-element elementor-element-891631a elementor-widget elementor-widget-image\" data-id=\"891631a\" data-element_type=\"widget\" data-e-type=\"widget\" data-widget_type=\"image.default\">\n\t\t\t\t<div class=\"elementor-widget-container\">\n\t\t\t\t\t\t\t\t\t\t\t\t\t\t\t<img fetchpriority=\"high\" decoding=\"async\" width=\"1024\" height=\"559\" src=\"https:\/\/www.mlpaper.com.br\/blog\/wp-content\/uploads\/2019\/06\/Banner-E-Book-Dicas-Landpage-1024x559.png\" class=\"attachment-large size-large wp-image-1086\" alt=\"E-Book Gratuito\" srcset=\"https:\/\/www.mlpaper.com.br\/blog\/wp-content\/uploads\/2019\/06\/Banner-E-Book-Dicas-Landpage-1024x559.png 1024w, https:\/\/www.mlpaper.com.br\/blog\/wp-content\/uploads\/2019\/06\/Banner-E-Book-Dicas-Landpage-300x164.png 300w, https:\/\/www.mlpaper.com.br\/blog\/wp-content\/uploads\/2019\/06\/Banner-E-Book-Dicas-Landpage-768x419.png 768w, https:\/\/www.mlpaper.com.br\/blog\/wp-content\/uploads\/2019\/06\/Banner-E-Book-Dicas-Landpage.png 1181w\" sizes=\"(max-width: 1024px) 100vw, 1024px\" \/>\t\t\t\t\t\t\t\t\t\t\t\t\t\t\t<\/div>\n\t\t\t\t<\/div>\n\t\t\t\t\t<\/div>\n\t\t<\/div>\n\t\t\t\t<div class=\"elementor-column elementor-col-50 elementor-top-column elementor-element elementor-element-2568c6f\" data-id=\"2568c6f\" data-element_type=\"column\" data-e-type=\"column\">\n\t\t\t<div class=\"elementor-widget-wrap elementor-element-populated\">\n\t\t\t\t\t\t<div class=\"elementor-element elementor-element-1e0bfd9 elementor-widget elementor-widget-text-editor\" data-id=\"1e0bfd9\" data-element_type=\"widget\" data-e-type=\"widget\" data-widget_type=\"text-editor.default\">\n\t\t\t\t<div class=\"elementor-widget-container\">\n\t\t\t\t\t\t\t\t\t<p>Agora, preencha corretamente seus dados abaixo para receber seu E-Book Gratuito.<\/p>\t\t\t\t\t\t\t\t<\/div>\n\t\t\t\t<\/div>\n\t\t\t\t<div class=\"elementor-element elementor-element-2743fdb elementor-widget elementor-widget-text-editor\" data-id=\"2743fdb\" data-element_type=\"widget\" data-e-type=\"widget\" data-widget_type=\"text-editor.default\">\n\t\t\t\t<div class=\"elementor-widget-container\">\n\t\t\t\t\t\t\t\t\t\n<div class=\"wpcf7 no-js\" id=\"wpcf7-f947-o1\" lang=\"pt-BR\" dir=\"ltr\" data-wpcf7-id=\"947\">\n<div class=\"screen-reader-response\"><p role=\"status\" aria-live=\"polite\" aria-atomic=\"true\"><\/p> <ul><\/ul><\/div>\n<form action=\"\/blog\/wp-json\/wp\/v2\/pages\/948#wpcf7-f947-o1\" method=\"post\" class=\"wpcf7-form init\" aria-label=\"Formul\u00e1rios de contato\" novalidate=\"novalidate\" data-status=\"init\">\n<fieldset class=\"hidden-fields-container\"><input type=\"hidden\" name=\"_wpcf7\" value=\"947\" \/><input type=\"hidden\" name=\"_wpcf7_version\" value=\"6.1.5\" \/><input type=\"hidden\" name=\"_wpcf7_locale\" value=\"pt_BR\" \/><input type=\"hidden\" name=\"_wpcf7_unit_tag\" value=\"wpcf7-f947-o1\" \/><input type=\"hidden\" name=\"_wpcf7_container_post\" value=\"0\" \/><input type=\"hidden\" name=\"_wpcf7_posted_data_hash\" value=\"\" \/><input type=\"hidden\" name=\"_wpcf7_recaptcha_response\" value=\"\" \/>\n<\/fieldset>\n<p><label> Seu nome (obrigat\u00f3rio)<br \/>\n<span class=\"wpcf7-form-control-wrap\" data-name=\"your-name\"><input size=\"40\" maxlength=\"400\" class=\"wpcf7-form-control wpcf7-text wpcf7-validates-as-required\" aria-required=\"true\" aria-invalid=\"false\" value=\"\" type=\"text\" name=\"your-name\" \/><\/span> <\/label>\n<\/p>\n<p><label> Seu e-mail (obrigat\u00f3rio)<br \/>\n<span class=\"wpcf7-form-control-wrap\" data-name=\"your-email\"><input size=\"40\" maxlength=\"400\" class=\"wpcf7-form-control wpcf7-email wpcf7-validates-as-required wpcf7-text wpcf7-validates-as-email\" aria-required=\"true\" aria-invalid=\"false\" value=\"\" type=\"email\" name=\"your-email\" \/><\/span> <\/label>\n<\/p>\n<p><input class=\"wpcf7-form-control wpcf7-submit has-spinner\" type=\"submit\" value=\"Clique para Receber seu E-Book\" \/>\n<\/p><div class=\"wpcf7-response-output\" aria-hidden=\"true\"><\/div>\n<\/form>\n<\/div>\n\t\t\t\t\t\t\t\t<\/div>\n\t\t\t\t<\/div>\n\t\t\t\t\t<\/div>\n\t\t<\/div>\n\t\t\t\t\t<\/div>\n\t\t<\/section>\n\t\t\t\t<section class=\"elementor-section elementor-top-section elementor-element elementor-element-0117cf5 elementor-section-boxed elementor-section-height-default elementor-section-height-default\" data-id=\"0117cf5\" data-element_type=\"section\" data-e-type=\"section\" data-settings=\"{&quot;_ha_eqh_enable&quot;:false}\">\n\t\t\t\t\t\t<div class=\"elementor-container elementor-column-gap-default\">\n\t\t\t\t\t<div class=\"elementor-column elementor-col-100 elementor-top-column elementor-element elementor-element-eae0ebf\" data-id=\"eae0ebf\" data-element_type=\"column\" data-e-type=\"column\">\n\t\t\t<div class=\"elementor-widget-wrap elementor-element-populated\">\n\t\t\t\t\t\t<div class=\"elementor-element elementor-element-76014d3 elementor-widget elementor-widget-image\" data-id=\"76014d3\" data-element_type=\"widget\" data-e-type=\"widget\" data-widget_type=\"image.default\">\n\t\t\t\t<div class=\"elementor-widget-container\">\n\t\t\t\t\t\t\t\t\t\t\t\t\t\t\t\t<a href=\"https:\/\/www.mlpaper.com.br\/\">\n\t\t\t\t\t\t\t<img decoding=\"async\" width=\"300\" height=\"65\" data-src=\"https:\/\/www.mlpaper.com.br\/blog\/wp-content\/uploads\/2019\/09\/cropped-Logotipo-2019-MLPaper-300x65.png\" class=\"attachment-medium size-medium wp-image-3173 lazyload\" alt=\"ML Paper Conceitos Gr\u00e1ficos\" data-srcset=\"https:\/\/www.mlpaper.com.br\/blog\/wp-content\/uploads\/2019\/09\/cropped-Logotipo-2019-MLPaper-300x65.png 300w, https:\/\/www.mlpaper.com.br\/blog\/wp-content\/uploads\/2019\/09\/cropped-Logotipo-2019-MLPaper-1024x222.png 1024w, https:\/\/www.mlpaper.com.br\/blog\/wp-content\/uploads\/2019\/09\/cropped-Logotipo-2019-MLPaper-768x167.png 768w, https:\/\/www.mlpaper.com.br\/blog\/wp-content\/uploads\/2019\/09\/cropped-Logotipo-2019-MLPaper.png 1290w\" data-sizes=\"(max-width: 300px) 100vw, 300px\" src=\"data:image\/svg+xml;base64,PHN2ZyB3aWR0aD0iMSIgaGVpZ2h0PSIxIiB4bWxucz0iaHR0cDovL3d3dy53My5vcmcvMjAwMC9zdmciPjwvc3ZnPg==\" style=\"--smush-placeholder-width: 300px; --smush-placeholder-aspect-ratio: 300\/65;\" \/>\t\t\t\t\t\t\t\t<\/a>\n\t\t\t\t\t\t\t\t\t\t\t\t\t\t\t<\/div>\n\t\t\t\t<\/div>\n\t\t\t\t\t<\/div>\n\t\t<\/div>\n\t\t\t\t\t<\/div>\n\t\t<\/section>\n\t\t\t\t<\/div>\n\t\t","protected":false},"excerpt":{"rendered":"<p>E-Book Gratuito Agora, preencha corretamente seus dados abaixo para receber seu E-Book Gratuito.<\/p>\n","protected":false},"author":1,"featured_media":0,"parent":0,"menu_order":0,"comment_status":"closed","ping_status":"closed","template":"elementor_canvas","meta":{"_joinchat":{"view":"no"},"footnotes":""},"class_list":["post-948","page","type-page","status-publish","hentry"],"yoast_head":"<!-- This site is optimized with the Yoast SEO plugin v27.3 - https:\/\/yoast.com\/product\/yoast-seo-wordpress\/ -->\n<title>E-Book Gratuito com Dicas Importantes para Materiais Gr\u00e1ficos- ML Paper<\/title>\n<meta name=\"description\" content=\"A ML Paper ofere\u00e7e um E-Book Gratuito com Dicas importantes que ir\u00e3o ajudar a melhorar os Custos de seus Materiais.\" \/>\n<meta name=\"robots\" content=\"index, follow, max-snippet:-1, max-image-preview:large, max-video-preview:-1\" \/>\n<link rel=\"canonical\" href=\"https:\/\/www.mlpaper.com.br\/blog\/e-book-gratuito\/\" \/>\n<meta property=\"og:locale\" content=\"pt_BR\" \/>\n<meta property=\"og:type\" content=\"article\" \/>\n<meta property=\"og:title\" content=\"E-Book Gratuito com Dicas Importantes para Materiais Gr\u00e1ficos- ML Paper\" \/>\n<meta property=\"og:description\" content=\"A ML Paper ofere\u00e7e um E-Book Gratuito com Dicas importantes que ir\u00e3o ajudar a melhorar os Custos de seus Materiais.\" \/>\n<meta property=\"og:url\" content=\"https:\/\/www.mlpaper.com.br\/blog\/e-book-gratuito\/\" \/>\n<meta property=\"og:site_name\" content=\"ML Paper\" \/>\n<meta property=\"article:modified_time\" content=\"2023-11-07T10:51:21+00:00\" \/>\n<meta property=\"og:image\" content=\"https:\/\/www.mlpaper.com.br\/blog\/wp-content\/uploads\/2019\/06\/Banner-E-Book-Dicas-Landpage-1024x559.png\" \/>\n<meta name=\"twitter:card\" content=\"summary_large_image\" \/>\n<meta name=\"twitter:label1\" content=\"Est. tempo de leitura\" \/>\n\t<meta name=\"twitter:data1\" content=\"1 minuto\" \/>\n<script type=\"application\/ld+json\" class=\"yoast-schema-graph\">{\"@context\":\"https:\\\/\\\/schema.org\",\"@graph\":[{\"@type\":\"WebPage\",\"@id\":\"https:\\\/\\\/www.mlpaper.com.br\\\/blog\\\/e-book-gratuito\\\/\",\"url\":\"https:\\\/\\\/www.mlpaper.com.br\\\/blog\\\/e-book-gratuito\\\/\",\"name\":\"E-Book Gratuito com Dicas Importantes para Materiais Gr\u00e1ficos- ML Paper\",\"isPartOf\":{\"@id\":\"https:\\\/\\\/www.mlpaper.com.br\\\/blog\\\/#website\"},\"primaryImageOfPage\":{\"@id\":\"https:\\\/\\\/www.mlpaper.com.br\\\/blog\\\/e-book-gratuito\\\/#primaryimage\"},\"image\":{\"@id\":\"https:\\\/\\\/www.mlpaper.com.br\\\/blog\\\/e-book-gratuito\\\/#primaryimage\"},\"thumbnailUrl\":\"https:\\\/\\\/www.mlpaper.com.br\\\/blog\\\/wp-content\\\/uploads\\\/2019\\\/06\\\/Banner-E-Book-Dicas-Landpage-1024x559.png\",\"datePublished\":\"2019-06-16T00:06:19+00:00\",\"dateModified\":\"2023-11-07T10:51:21+00:00\",\"description\":\"A ML Paper ofere\u00e7e um E-Book Gratuito com Dicas importantes que ir\u00e3o ajudar a melhorar os Custos de seus Materiais.\",\"breadcrumb\":{\"@id\":\"https:\\\/\\\/www.mlpaper.com.br\\\/blog\\\/e-book-gratuito\\\/#breadcrumb\"},\"inLanguage\":\"pt-BR\",\"potentialAction\":[{\"@type\":\"ReadAction\",\"target\":[\"https:\\\/\\\/www.mlpaper.com.br\\\/blog\\\/e-book-gratuito\\\/\"]}]},{\"@type\":\"ImageObject\",\"inLanguage\":\"pt-BR\",\"@id\":\"https:\\\/\\\/www.mlpaper.com.br\\\/blog\\\/e-book-gratuito\\\/#primaryimage\",\"url\":\"https:\\\/\\\/www.mlpaper.com.br\\\/blog\\\/wp-content\\\/uploads\\\/2019\\\/06\\\/Banner-E-Book-Dicas-Landpage.png\",\"contentUrl\":\"https:\\\/\\\/www.mlpaper.com.br\\\/blog\\\/wp-content\\\/uploads\\\/2019\\\/06\\\/Banner-E-Book-Dicas-Landpage.png\",\"width\":1181,\"height\":645,\"caption\":\"E-Book Gratuito\"},{\"@type\":\"BreadcrumbList\",\"@id\":\"https:\\\/\\\/www.mlpaper.com.br\\\/blog\\\/e-book-gratuito\\\/#breadcrumb\",\"itemListElement\":[{\"@type\":\"ListItem\",\"position\":1,\"name\":\"In\u00edcio\",\"item\":\"https:\\\/\\\/www.mlpaper.com.br\\\/blog\\\/\"},{\"@type\":\"ListItem\",\"position\":2,\"name\":\"E-Book Gratuito\"}]},{\"@type\":\"WebSite\",\"@id\":\"https:\\\/\\\/www.mlpaper.com.br\\\/blog\\\/#website\",\"url\":\"https:\\\/\\\/www.mlpaper.com.br\\\/blog\\\/\",\"name\":\"ML Paper\",\"description\":\"Impress\u00f5es Gr\u00e1ficas\",\"publisher\":{\"@id\":\"https:\\\/\\\/www.mlpaper.com.br\\\/blog\\\/#organization\"},\"potentialAction\":[{\"@type\":\"SearchAction\",\"target\":{\"@type\":\"EntryPoint\",\"urlTemplate\":\"https:\\\/\\\/www.mlpaper.com.br\\\/blog\\\/?s={search_term_string}\"},\"query-input\":{\"@type\":\"PropertyValueSpecification\",\"valueRequired\":true,\"valueName\":\"search_term_string\"}}],\"inLanguage\":\"pt-BR\"},{\"@type\":\"Organization\",\"@id\":\"https:\\\/\\\/www.mlpaper.com.br\\\/blog\\\/#organization\",\"name\":\"ML Paper\",\"url\":\"https:\\\/\\\/www.mlpaper.com.br\\\/blog\\\/\",\"logo\":{\"@type\":\"ImageObject\",\"inLanguage\":\"pt-BR\",\"@id\":\"https:\\\/\\\/www.mlpaper.com.br\\\/blog\\\/#\\\/schema\\\/logo\\\/image\\\/\",\"url\":\"https:\\\/\\\/www.mlpaper.com.br\\\/blog\\\/wp-content\\\/uploads\\\/2019\\\/04\\\/cropped-MLPaper-Logo-Fundo-Escuro-1.png\",\"contentUrl\":\"https:\\\/\\\/www.mlpaper.com.br\\\/blog\\\/wp-content\\\/uploads\\\/2019\\\/04\\\/cropped-MLPaper-Logo-Fundo-Escuro-1.png\",\"width\":1290,\"height\":280,\"caption\":\"ML Paper\"},\"image\":{\"@id\":\"https:\\\/\\\/www.mlpaper.com.br\\\/blog\\\/#\\\/schema\\\/logo\\\/image\\\/\"}}]}<\/script>\n<!-- \/ Yoast SEO plugin. -->","yoast_head_json":{"title":"E-Book Gratuito com Dicas Importantes para Materiais Gr\u00e1ficos- ML Paper","description":"A ML Paper ofere\u00e7e um E-Book Gratuito com Dicas importantes que ir\u00e3o ajudar a melhorar os Custos de seus Materiais.","robots":{"index":"index","follow":"follow","max-snippet":"max-snippet:-1","max-image-preview":"max-image-preview:large","max-video-preview":"max-video-preview:-1"},"canonical":"https:\/\/www.mlpaper.com.br\/blog\/e-book-gratuito\/","og_locale":"pt_BR","og_type":"article","og_title":"E-Book Gratuito com Dicas Importantes para Materiais Gr\u00e1ficos- ML Paper","og_description":"A ML Paper ofere\u00e7e um E-Book Gratuito com Dicas importantes que ir\u00e3o ajudar a melhorar os Custos de seus Materiais.","og_url":"https:\/\/www.mlpaper.com.br\/blog\/e-book-gratuito\/","og_site_name":"ML Paper","article_modified_time":"2023-11-07T10:51:21+00:00","og_image":[{"url":"https:\/\/www.mlpaper.com.br\/blog\/wp-content\/uploads\/2019\/06\/Banner-E-Book-Dicas-Landpage-1024x559.png","type":"","width":"","height":""}],"twitter_card":"summary_large_image","twitter_misc":{"Est. tempo de leitura":"1 minuto"},"schema":{"@context":"https:\/\/schema.org","@graph":[{"@type":"WebPage","@id":"https:\/\/www.mlpaper.com.br\/blog\/e-book-gratuito\/","url":"https:\/\/www.mlpaper.com.br\/blog\/e-book-gratuito\/","name":"E-Book Gratuito com Dicas Importantes para Materiais Gr\u00e1ficos- ML Paper","isPartOf":{"@id":"https:\/\/www.mlpaper.com.br\/blog\/#website"},"primaryImageOfPage":{"@id":"https:\/\/www.mlpaper.com.br\/blog\/e-book-gratuito\/#primaryimage"},"image":{"@id":"https:\/\/www.mlpaper.com.br\/blog\/e-book-gratuito\/#primaryimage"},"thumbnailUrl":"https:\/\/www.mlpaper.com.br\/blog\/wp-content\/uploads\/2019\/06\/Banner-E-Book-Dicas-Landpage-1024x559.png","datePublished":"2019-06-16T00:06:19+00:00","dateModified":"2023-11-07T10:51:21+00:00","description":"A ML Paper ofere\u00e7e um E-Book Gratuito com Dicas importantes que ir\u00e3o ajudar a melhorar os Custos de seus Materiais.","breadcrumb":{"@id":"https:\/\/www.mlpaper.com.br\/blog\/e-book-gratuito\/#breadcrumb"},"inLanguage":"pt-BR","potentialAction":[{"@type":"ReadAction","target":["https:\/\/www.mlpaper.com.br\/blog\/e-book-gratuito\/"]}]},{"@type":"ImageObject","inLanguage":"pt-BR","@id":"https:\/\/www.mlpaper.com.br\/blog\/e-book-gratuito\/#primaryimage","url":"https:\/\/www.mlpaper.com.br\/blog\/wp-content\/uploads\/2019\/06\/Banner-E-Book-Dicas-Landpage.png","contentUrl":"https:\/\/www.mlpaper.com.br\/blog\/wp-content\/uploads\/2019\/06\/Banner-E-Book-Dicas-Landpage.png","width":1181,"height":645,"caption":"E-Book Gratuito"},{"@type":"BreadcrumbList","@id":"https:\/\/www.mlpaper.com.br\/blog\/e-book-gratuito\/#breadcrumb","itemListElement":[{"@type":"ListItem","position":1,"name":"In\u00edcio","item":"https:\/\/www.mlpaper.com.br\/blog\/"},{"@type":"ListItem","position":2,"name":"E-Book Gratuito"}]},{"@type":"WebSite","@id":"https:\/\/www.mlpaper.com.br\/blog\/#website","url":"https:\/\/www.mlpaper.com.br\/blog\/","name":"ML Paper","description":"Impress\u00f5es Gr\u00e1ficas","publisher":{"@id":"https:\/\/www.mlpaper.com.br\/blog\/#organization"},"potentialAction":[{"@type":"SearchAction","target":{"@type":"EntryPoint","urlTemplate":"https:\/\/www.mlpaper.com.br\/blog\/?s={search_term_string}"},"query-input":{"@type":"PropertyValueSpecification","valueRequired":true,"valueName":"search_term_string"}}],"inLanguage":"pt-BR"},{"@type":"Organization","@id":"https:\/\/www.mlpaper.com.br\/blog\/#organization","name":"ML Paper","url":"https:\/\/www.mlpaper.com.br\/blog\/","logo":{"@type":"ImageObject","inLanguage":"pt-BR","@id":"https:\/\/www.mlpaper.com.br\/blog\/#\/schema\/logo\/image\/","url":"https:\/\/www.mlpaper.com.br\/blog\/wp-content\/uploads\/2019\/04\/cropped-MLPaper-Logo-Fundo-Escuro-1.png","contentUrl":"https:\/\/www.mlpaper.com.br\/blog\/wp-content\/uploads\/2019\/04\/cropped-MLPaper-Logo-Fundo-Escuro-1.png","width":1290,"height":280,"caption":"ML Paper"},"image":{"@id":"https:\/\/www.mlpaper.com.br\/blog\/#\/schema\/logo\/image\/"}}]}},"_links":{"self":[{"href":"https:\/\/www.mlpaper.com.br\/blog\/wp-json\/wp\/v2\/pages\/948","targetHints":{"allow":["GET"]}}],"collection":[{"href":"https:\/\/www.mlpaper.com.br\/blog\/wp-json\/wp\/v2\/pages"}],"about":[{"href":"https:\/\/www.mlpaper.com.br\/blog\/wp-json\/wp\/v2\/types\/page"}],"author":[{"embeddable":true,"href":"https:\/\/www.mlpaper.com.br\/blog\/wp-json\/wp\/v2\/users\/1"}],"replies":[{"embeddable":true,"href":"https:\/\/www.mlpaper.com.br\/blog\/wp-json\/wp\/v2\/comments?post=948"}],"version-history":[{"count":90,"href":"https:\/\/www.mlpaper.com.br\/blog\/wp-json\/wp\/v2\/pages\/948\/revisions"}],"predecessor-version":[{"id":18086,"href":"https:\/\/www.mlpaper.com.br\/blog\/wp-json\/wp\/v2\/pages\/948\/revisions\/18086"}],"wp:attachment":[{"href":"https:\/\/www.mlpaper.com.br\/blog\/wp-json\/wp\/v2\/media?parent=948"}],"curies":[{"name":"wp","href":"https:\/\/api.w.org\/{rel}","templated":true}]}}